6*a - 19*a - 6820. List the prime factors of r.
2, 5, 11, 31
Suppose -16*c = 23*c + 61*c - 139300. What are the prime factors of c?
7, 199
Let g = 24 - 20. Suppose -1 - 11 = -g*o. Suppose 4*j - 306 = 2*c, -o*c + 119 = -4*j + 428. List the prime factors of j.
3, 5
Suppose -1 = -2*x + 5, 4*h = x + 7017. Suppose 5*m + 270 = h. List the prime factors of m.
3, 11
Let p = -1419 - -3747. What are the prime factors of p?
2, 3, 97
Let q be ((-7)/2 + 4)*12. Let h(v) = 0*v - v - 5*v - q + 5*v. List the prime factors of h(-11).
5
Suppose -43*m + 10 = -38*m. Suppose 13*f - 4*f - m*f = 0. Suppose f = -z - 4*k + 236, 3*z + 3*k - 730 = 2*k. What are the prime factors of z?
2, 61
Suppose 4*b - 22 - 44 = -5*c, 4*b = -c + 74. List the prime factors of 147 + -2 - (-12 + b).
2, 3, 23
Let k = -316 + 626. What are the prime factors of k?
2, 5, 31
Suppose -2*b + 3551 = v + 869, 0 = -4*b - 5*v + 5346. What are the prime factors of b?
2, 3, 7
Let a be 2/(-8) - (149/4)/(-1). Suppose a*g - 32*g - 1260 = 0. What are the prime factors of g?
2, 3, 7
Suppose -5*m - 137 = -2*r + r, -3*m + 393 = 3*r. Let k = r + -52. List the prime factors of k.
2, 5
Suppose 0*r - 3*d = 3*r + 3, -5*r = 3*d - 1. Let x be r - 5 - -9 - (-1 - -4). Suppose 3*k + 2*s + x*s = 395, 0 = 3*k + 2*s - 410. List the prime factors of k.
2, 5, 7
Suppose 28*w - 15*w + 37*w - 1298600 = 0. List the prime factors of w.
2, 43, 151
Suppose 0 = -5*v + 3*p + 42, 5*v + 4*p = 3*v - 4. Suppose -294 = -3*n + 4*o, -o + 490 = 5*n - v*o. List the prime factors of n.
2, 7
Let l(d) = -4*d + 56. Let q be l(14). Suppose -3*w + 645 = -q*w. List the prime factors of w.
5, 43
List the prime factors of (1341 + -1331)*(1/4 + 7605/4).
5, 3803
Suppose -4*u = -14085 - 17551. List the prime factors of u.
11, 719
Let i(j) = j**2 - j - 48. Let u be i(-6). Let p(s) = 9*s. Let g be p(5). List the prime factors of 795/g + (-2)/u.
2, 3
Suppose -347 = 2*v - 1935. What are the prime factors of v?
2, 397
Let a(b) = -2538*b + 531. What are the prime factors of a(-14)?
3, 4007
Suppose 1879 = -5*l + 2*w, -380 = l + 4*w - 3*w. Let a = -150 - l. Let y = a - 147. List the prime factors of y.
2, 5
Suppose 23*n = 28*n - 10. Suppose -n*c + 3*k + 13 = 2*c, -3*k = 3*c - 15. Suppose 306 = 3*j + l + c*l, -5*l + 112 = j. List the prime factors of j.
97
Suppose 9 = -x + 74. What are the prime factors of 6461/x - (-15)/25?
2, 5
Let g(m) = -m**2 + 7*m + 24. Let b be g(8). List the prime factors of (1240/b + 7)*4.
2, 13
Suppose -q - 5*c = -0*c - 6, -q + 6 = -2*c. Suppose 2424 = 5*g - 3*a, 2*g + 3*a + 1938 = q*g. What are the prime factors of g?
2, 3
Suppose -22255 = 6*m - 47653. What are the prime factors of m?
3, 17, 83
Let m = 105 + -103. Suppose -5*n + 2*b + 80 = 0, 76 - 15 = m*n + 5*b. What are the prime factors of n?
2, 3
Suppose -909 = 2*d + 5*u, -5*d - 178 - 2060 = u. Suppose f = 4*f - 5*l + 929, -4*f + 3*l = 1246. Let n = f - d. What are the prime factors of n?
2, 67
Suppose -r + n + 23 = -6, 0 = 5*r + 2*n - 152. Let i be 146/r - (-4)/30. Suppose 0 = t - 4, -4*t - 9 = i*y - 6*y. List the prime factors of y.
5
Suppose 0 = -4*p + 416 - 116. Suppose 105 = 3*i - p. What are the prime factors of i?
2, 3, 5
Let o = 4636 + 1276. List the prime factors of o.
2, 739
Let y = 16 + -28. What are the prime factors of (-1)/(9/y)*19788/34?
2, 97
Let b(y) = 3*y**2 + 4*y - 10. Let n be b(-5). Suppose 0 = -14*z + 5*z + n. Suppose z*s = 95 + 700. What are the prime factors of s?
3, 53
Let v(o) = 85 - 41*o - 25*o + 66*o - o**2. Let d be 1 + -3 + (2 - 0). What are the prime factors of v(d)?
5, 17
Let w = -264 - -287. Suppose 0 = w*c - 12138 + 2041. List the prime factors of c.
439
Let g(d) = 6260*d - 1682. What are the prime factors of g(2)?
2, 5419
Let a = 60884 - 32918. List the prime factors of a.
2, 3, 59, 79
Let y(t) = 4*t - 11 + 52 - 3*t. Suppose 0 = -5*h - 4*q - 16, 20 = -58*h + 55*h - 5*q. What are the prime factors of y(h)?
41
Let x(v) = 237*v**2 + 59*v + 92. What are the prime factors of x(-13)?
2, 3, 6563
Suppose -6*m + 4559 + 2101 = 0. Let p = -756 + m. List the prime factors of p.
2, 3, 59
Let c be ((-12)/24)/((-2)/20). Suppose u = c*u - 4*m - 4464, 4*u - 3*m - 4460 = 0. List the prime factors of u.
2, 139
Suppose -9*a + 5544 = 5*a. Let p = 772 - a. What are the prime factors of p?
2, 47
Suppose -630 - 1314 = 27*a. What are the prime factors of (-290*9/a)/(3/12)?
5, 29
Suppose 166*k - 474276 = 100*k. What are the prime factors of k?
2, 3593
Let p(g) = -99*g + 38. Let s be p(-8). Let k = 1208 - s. What are the prime factors of k?
2, 3, 7
List the prime factors of 799624/84 - ((5/(-3) - -2) + -2).
9521
Suppose -350 = -4*w + 2*f + 376, -4*f = 4. Let x = w - 116. Suppose -2*z + 7 + x = 0. List the prime factors of z.
2, 3
Let i(n) be the first derivative of -10*n + 1/4*n**4 + 5/3*n**3 + 16 - 7*n**2. What are the prime factors of i(-5)?
2, 3, 5
Suppose 16993 = 74*o - 134263. List the prime factors of o.
2, 7, 73
Let k(x) = -397*x - 198. List the prime factors of k(-6).
2, 3, 7, 13
Suppose -4*i + 124 = -5*x, -x + 13*i = 9*i + 12. List the prime factors of (35/(-30)*-9)/((-2)/x).
3, 7
What are the prime factors of 2*10821*7/(-14)*3*-1?
3, 3607
Suppose -3 - 57 = -4*s + 4*i, -25 = 5*i. Let c be s/(-55) - (-237)/33. What are the prime factors of ((-1892)/77)/((-2)/c)?
2, 43
Let k(n) = -n**2 + 12*n - 23. Let w be k(5). What are the prime factors of 15/w + 47/4?
13
Suppose 0 = -3*l - 2*k + 9989, 3331 = -398*l + 399*l + k. What are the prime factors of l?
3, 1109
Suppose 0 = 2*h - 7*h + 5*x + 42970, 0 = -x + 1. List the prime factors of h.
3, 5, 191
What are the prime factors of (49724/(-93))/(((-40)/102)/5)?
17, 401
Suppose 280 = 6*r - 32. Suppose 37*w + 12390 = r*w. List the prime factors of w.
2, 7, 59
Let j(c) be the third derivative of -7*c**4/12 + 59*c**3/6 + 27*c**2. List the prime factors of j(-18).
311
Let t(y) = 19*y**3 - y**2 + 4*y + 6. Let k(d) = d - 1. Let x(j) = -2*k(j) + t(j). List the prime factors of x(3).
2, 7, 37
Let h = 53079 + -33660. List the prime factors of h.
3, 6473
Suppose -29*v = 321*v - 549500. List the prime factors of v.
2, 5, 157
Suppose -30*s + 29479 = -118361. Suppose 7*z = -469 + s. List the prime factors of z.
7, 13
Let f be ((-4)/(-10))/((-1)/10*-2). Suppose 6 = -3*g + 5*i, -g - 3 = -2*i - f. List the prime factors of (-15 + 1 + 2)*g.
2, 3, 7
Let n(m) = 160*m**2 + 44*m - 178. List the prime factors of n(17).
2, 5, 31, 151
Let i(p) = p**3 - 13*p**2 + 17*p + 23. Let g(j) = j - 1. Let v(u) = -3*g(u) + i(u). List the prime factors of v(12).
2, 5
Let o = -28 - -25. Let t be 12/9*o/(-2). Suppose -t*w + 76 + 66 = 0. What are the prime factors of w?
71
Suppose s - 752 = -4*a, 4*s = -5*a + 172 + 2803. Suppose -2*l + s + 1356 = 0. List the prime factors of l.
2, 131
Let k(w) = 537*w**2 + 1118*w - 3361. What are the prime factors of k(3)?
2, 19, 127
List the prime factors of ((-8)/5)/((-16)/43480).
2, 1087
Let l(h) = h**3 + 13*h**2 - 15*h - 5. Let o be l(-14). Suppose 2*f + 4*b = 252, -8*b + o*b = 4*f - 495. List the prime factors of f.
2, 31
Suppose 0*u + u + 5*y - 22 = 0, -u = -3*y + 10. Suppose k - 40 - 118 = -4*o, -4*k = -u*o - 614. What are the prime factors of k/(-21)*(-117)/6?
11, 13
Suppose -2375 = -3*q + 13204. Suppose -714*n + 723*n = q. What are the prime factors of n?
577
What are the prime factors of (18/(-10))/((-17)/789140*12)?
3, 11, 211
Suppose 1 = 3*a - 5. Let s(o) = 0*o**2 + 2 + 3*o + 9*o**2 + a*o. What are the prime factors of s(3)?
2, 7
Let w = 10035 + -9579. List the prime factors of w.
2, 3, 19
Let r be (-17)/(-34)*(0 + 476). Let c be ((-1)/(-4))/(8/(-32)) + r. Let v = c - -17. What are the prime factors of v?
2, 127
Let v be (-16)/(-3) - (-14)/(-42). Suppose 5*l - 423 = -3*t + 3424, 3*l - 2281 = v*t. List the prime factors of l.
13, 59
Let y(s) = 15*s**2 - 39*s + 84. Suppose -t = 3*x - 25, 7*t - 14 = -2*x + 5*t. What are the prime factors of y(x)?
2, 3, 79
Let q(b) = -87*b + 18. Let h(o) = 89*o - 18. Let r(f) = -5*h(f) - 4*q(f). What are the prime factors of r(-2)?
2, 53
Let r(z) = 17*z**2 + 1400. List the prime factors of r(31).
17737
Let v(c) = 68*c - 35. Suppose 5*y - 37 = q, -y + 4*q + 0*q = 4. What are the prime factors of v(y)?
509
Let g be -5 - 15/((-15)/4). What are the prime factors of g/(16/(-13828)) - 24/(-32)